76 - c/((6 - 4)/2) composite?
False
Let u be 24/42 + (-610)/14. Let i = 45 + u. Suppose -i*s + 507 - 41 = 0. Is s composite?
False
Let i be (3/(-2))/((-78)/260). Suppose -5*w + i*k = -7*w + 653, -4*w + 1339 = -k. Is w a composite number?
True
Suppose 0 = 79*k - 82*k + 27. Suppose -4*q - k*c = -10*c - 4343, 2*q - c - 2169 = 0. Is q prime?
True
Let b(i) = -2*i**2 + 33*i + 51. Let v(k) = k**2 - 11*k - 17. Let p(r) = 6*b(r) + 17*v(r). Suppose -3*d + 5*a - 35 - 19 = 0, -4*d - 49 = a. Is p(d) composite?
False
Is 9221120/64 + (2 - -1) + 0 a prime number?
False
Suppose 15*p = -2*p + 1649. Is p/(8/8920*5) prime?
False
Let z(a) = -6*a**3 + 8*a**2 + 15*a + 20. Suppose 0 = 5*n - 20, -8*n + 13*n = 3*f + 14. Suppose -f*d = -d + w + 6, -w = 0. Is z(d) composite?
True
Let h(g) = 2*g**2 + 26*g + 6. Let s be h(-13). Suppose a = -4*o + 427, o = a + s*o - 432. Is a composite?
True
Let z be 9/(-4)*10/(-30)*4. Suppose 12*b = 10*b + z*m + 16930, 3*b - 4*m = 25395. Is b a composite number?
True
Let b = -1790 - -84759. Is b composite?
True
Suppose 0 = -2*f + 16766 - 416. Let d = f - 11748. Let w = d + 5560. Is w composite?
False
Suppose -4*o - 12*v + 280802 = -14*v, -4*v - 140410 = -2*o. Is o composite?
False
Let h be (0 - -12) + -8 + 11 + -5. Let u be 3281/(-1) + (-20)/h. Let m = -2196 - u. Is m a composite number?
False
Let n = -133 + 135. Suppose -5*f + 12453 = n*j, -4*f - 36*j + 32*j = -9960. Is f a prime number?
False
Let l = 370445 - 253866. Is l prime?
True
Suppose -50848 = -20*m + 13*m. Let r = -5183 + m. Is r composite?
False
Let u(v) = 303*v**2 + 67*v + 53. Let i be u(-34). Suppose 0 = -7*r + i - 95280. Is r a prime number?
True
Suppose 2*f - 18 = 14. Suppose 4*x + f = 0, 3*j = 4*x - x + 213. Suppose 2138 - j = 5*i + 4*c, -2070 = -5*i - 5*c. Is i composite?
True
Let j(v) = 437*v**3 - 12*v**2 + 60*v - 34. Is j(7) composite?
False
Let p(z) = -11165*z + 5794. Is p(-35) a composite number?
True
Let l be (-27)/18 - 7/2. Is 62585*(-5)/10*2/l a composite number?
False
Let r(z) = z**2 + 3*z - 5. Let g(a) = -6 - 3*a + 9*a - 3*a + 2*a**2. Let b(m) = 2*g(m) - 3*r(m). Is b(-4) prime?
True
Let u = -32261 + 72040. Is u prime?
True
Suppose 28 = 12*x + 2*x. Is 317/x*(-6 + 8) prime?
True
Is 18490080/100 + (-5)/(-25) a composite number?
False
Let g(p) = -1783*p**3 + 17*p**2 - 4*p - 17. Is g(-7) composite?
True
Suppose 2*v + c - 2*c + 10 = 0, -5*v - 19 = -c. Let q be (-3 - 0)*(-1351)/v. Let o = -32 - q. Is o a composite number?
False
Suppose -2719440 = 12*t + 4*t. Is t/(-36) + (-4)/16 a composite number?
False
Suppose 0 = -7160*f + 7168*f - 38888. Is f composite?
False
Let k be -5*(-4)/(-20)*6. Let j be 23/7 - k/(-21). Suppose j*w - 142 = 1619. Is w composite?
False
Let f be 7/3 - (30/9 - 4). Suppose 4*j - 3*j = -4, f*l + 2*j = 970. Suppose z - l + 33 = 0. Is z a composite number?
False
Let f = 30778 + -7589. Is f a prime number?
True
Let g be (-26)/(-6) - (-18)/27. Let j be 1*5 - (25/(-5) + g). Suppose 4*m = -3 + 19, -j*f + 3*m + 7523 = 0. Is f a prime number?
False
Suppose 1139*a = 1134*a + 415. Suppose 5*m = 227 + a. Is m prime?
False
Let n(j) = -j**3 + 37*j**2 - 44*j - 195. Is n(34) a prime number?
True
Is -5 - 55/(-5) - -3014*207/18 composite?
False
Let f(t) = -17*t - 1 + 269*t - 1 + 1. Let m be ((-1)/(-3))/((-26)/(-6) - 4). Is f(m) a composite number?
False
Suppose -17*r + 94*r = 33001859 - 6226726. Is r a composite number?
False
Let b be 6/(6/7) - 3. Is ((-2)/(-1) - b)*351285/(-66) prime?
False
Suppose 0 = 4*j + j - 4*j. Suppose -q + 5*q - 2876 = j. Is q a composite number?
False
Let z = -73 - -80. Is 32 + z + (0 - 6) composite?
True
Suppose -5*j + 4 = -31. Let w(k) = -18 - k + 2 + 23*k**2 + j + 7. Is w(4) a prime number?
False
Suppose 3*d = -2*x + 11206, 5*x - 3*x - d - 11198 = 0. Suppose -2009 - x = -7*f. Is f composite?
False
Suppose 3*h - 18006 = 12987. Is h a composite number?
False
Suppose -3*s - 244309 - 252578 = -3*u, 5*u + 5*s - 828145 = 0. Is u composite?
True
Is 23132 + (-50)/((-160)/16) composite?
True
Suppose -17 = -12*h + 31. Suppose -5*c = 0, -3*x = h*c - 18 - 3. Suppose 12*r - 9655 = x*r. Is r a prime number?
True
Suppose -2*k - 2*d = -1341076, 215*k = 217*k + 3*d - 1341073. Is k composite?
False
Let j be (8 - (4 + -4)) + -1. Suppose 20*o = j*o + 17251. Is o a composite number?
False
Let g(v) = 28*v**2 - 32*v + 167. Let o = -559 - -567. Is g(o) a prime number?
False
Is ((-1)/(-5))/(((-26)/4817510)/(-13)) composite?
False
Let q(w) = 74*w**2 + w - 26. Let m(x) = -x**2 + x - 1. Let t be m(4). Let s be q(t). Is s/14 - 3/2 a composite number?
True
Suppose -78*g + 80*g = 44. Suppose -4*o + g*o = 19098. Is o a composite number?
False
Let c(y) = -19417*y - 11027. Is c(-10) a composite number?
True
Is -13 + (-3 - -8) + 25911 composite?
False
Let y be (8/6)/(4/72). Let x = 22 - y. Is 16 + x + (-1 - 0) a prime number?
True
Is 13/(-2) - (-18754938)/76 a prime number?
True
Suppose -z = u + 7, -5*u + 3*z - 26 = -z. Let s(h) = 49*h**2 + 2*h. Let k(y) = -148*y**2 - 5*y + 1. Let g(i) = u*k(i) - 17*s(i). Is g(-3) prime?
False
Suppose -9548*m - 141688 = -9556*m. Is m a composite number?
True
Let t(f) be the third derivative of -15*f**4 + 23*f**3/6 - 6*f**2 - f. Is t(-13) a prime number?
True
Let b(g) = 2*g**2 + g - 53. Suppose 19*p - 6*p - 390 = 0. Is b(p) prime?
True
Let z(d) = 1. Let h(v) = -11*v - 20. Let u(o) = -2*h(o) - 18*z(o). Let p be u(-6). Let l = p - -169. Is l composite?
False
Let h = -78057 - -289228. Is h a prime number?
False
Let f(z) = -2947*z + 1373. Is f(-8) composite?
True
Suppose 0 = 111*f - 124*f + 13819507. Is f composite?
False
Suppose 2*k = 2*f + 7152402, 2*k = -32*f + 29*f + 7152402. Is k/276 - (-18)/(-8) a prime number?
False
Let f(r) = -2*r - 17. Let l be f(0). Let a(b) = b**3 + 19*b**2 + 35*b + 18. Let t be a(l). Is t*((-24)/16)/(1/(-1094)) prime?
False
Let r(t) = -t - 4. Let n be r(-8). Suppose 4 = 2*p - 4, w - n*p = -15. Is -5 + 4 + 953 + w composite?
False
Is -5*(5136243/210)/(7/(-14)) a composite number?
False
Let w be (144/(-30))/((-1)/25). Suppose -2*l - w = 256. Let k = 577 + l. Is k prime?
True
Let z(u) = -44*u + 15. Let d be (1 - -2) + -1 + -7 + 3. Let v be (-20)/((-4)/d) - (6 + -5). Is z(v) a composite number?
False
Let v(o) = 118*o**2 + 13*o + 38. Let u(q) = q**2 - q - 2. Let h(j) = 4*u(j) + v(j). Is h(9) a prime number?
False
Let w(u) = -3*u - 6. Let h be w(-2). Suppose f + h*z = z + 143, -2*z = 0. Suppose -3*l = -58 - f. Is l prime?
True
Suppose -5*k - 4*i + 32060 + 20831 = 0, 3*k + 5*i = 31732. Is k a composite number?
True
Let n(t) = 376*t - 123. Is n(44) composite?
False
Suppose 3*y - i - 2543 = 765, 3*i = -3*y + 3288. Let t(k) = -4*k**2 - 7*k. Let j be t(-10). Let p = y + j. Is p a prime number?
False
Let j = 925 + -401. Suppose -9*m = -574 - j. Is m prime?
False
Let g = 14661 - 10235. Suppose -87 = -3*k + 2*b + g, -3*k - 2*b + 4493 = 0. Is k a prime number?
False
Suppose 0 = -1497*i + 1500*i - 122739. Is i a composite number?
True
Let c(n) = n**3 - 8*n**2 + 17*n - 11. Let k be c(5). Is (k/(-2) - 213/(-2))*23 composite?
True
Suppose -38 - 39 = -7*i. Let n be 10/(-45) + i/27*3. Is (-14304)/(-36) + n/(-3) a composite number?
False
Let c(o) be the third derivative of 59*o**5/20 - o**3/6 - 8*o**2. Let j be c(-2). Suppose 4*p - j = u, p - 2*u - 175 = -0*u. Is p a composite number?
True
Let g(c) = 3567*c**3 - 86*c**2 + 173*c - 1. Is g(2) prime?
True
Suppose -4*c + 22 = 2*i - 0*c, -10 = -5*i + 5*c. Suppose 2*n - i*u - 2586 = 0, 0 = 4*n + 2*u - 5*u - 5144. Is n prime?
True
Suppose -10*j + 13*j = -18, 3*d = 2*j + 3656571. Is d a prime number?
True
Suppose 5*v + 10 = 0, -94*j + 96*j = -2*v + 669078. Is j composite?
False
Let i(s) = s - 8. Let o be i(3). Let m(d) = -22*d**3 + 5*d**2 + 4*d. Let z be m(o). Suppose 19*l - z = 14*l. Is l prime?
True
Let p be (-16)/3 - (-2 - 20/(-12)). Let n(s) = -44*s**3 + 5*s**2 + 6*s + 28. Is n(p) a prime number?
True
Let z be 2/(2/7) - (-17 + 20). Suppose -70 - 26 = -z*s. Suppose -23*o - 951 = -s*o. Is o composite?
True
Is (-2 - -415281) + (8 + 9 - 15) composite?
True
Suppose 2*h = 6*y - 666670, 5*y - 41*h = -46*h + 555585. Is y a prime number?
False
Let n(u) be the third derivative of 103*u**6/24 - 3*u**5/10 + 4*u**4/3 - u**3/6 + 3*u**2 + 33. Is n(2) prime?
True
Let v = -136 + 143. Let s(u) = 94*u**2 